en o is divided by 20.
19
Let l(s) = 15*s - 37*s - 2*s**3 - 10*s**2 + 3*s**3 + 2040 - 2048. Calculate the remainder when 90 is divided by l(12).
10
Suppose -118 = -13*y + 7619 - 340. Calculate the remainder when y is divided by 74.
51
Let w(n) be the third derivative of 0 + 6*n**3 - 1/12*n**4 + 0*n + 5*n**2. Calculate the remainder when w(13) is divided by 7.
3
What is the remainder when 64725 is divided by (990/(-120) - -6)/(0 - 3/248)?
183
Let g(y) be the second derivative of -8*y - 1/12*y**4 - 19/6*y**3 + 2*y**2 + 0. Calculate the remainder when 15 is divided by g(-19).
3
Suppose 3*h - 114 = -3*k, 5*h - 119 - 36 = 2*k. What is the remainder when 811 is divided by h?
19
What is the remainder when 85 is divided by -74*(-11)/22 + 6?
42
Let n be 791/(-21) + 1/(-3). Suppose -52*t + 708 = -64*t. Let l = n - t. What is the remainder when 125 is divided by l?
20
Let m = 594 + -580. Suppose -m*z + 23 = -19. Calculate the remainder when (-2)/(-4)*6 - -1 is divided by z.
1
Calculate the remainder when 231 + -238 - (-667 + (2 + 0)/2) is divided by 131.
4
Suppose -3*w = 3, -2*f + 158 = 5*w - 67. Let b = f - 110. What is the remainder when 14 is divided by b?
4
Let n(m) = -4*m**3 - 15*m**2 + 35*m + 284. Calculate the remainder when n(-9) is divided by 11.
9
Let f(h) = -2*h**3 - 8*h**2 + 5*h + 5. Let z be f(-4). Let q(n) = -n**3 - 13*n**2 + 30*n + 15. Calculate the remainder when 29 is divided by q(z).
14
Suppose -133*u = -63*u - 21350. What is the remainder when u is divided by 34?
33
Suppose 65*o - 69*o + 128 = 0. What is the remainder when o/(-272) - 937/(-17) is divided by 25?
5
Suppose -90 = -2*z - 2*l, 136*z = 139*z - 5*l - 159. Calculate the remainder when 49 is divided by z.
1
Suppose 20*z - 2280 + 420 = 5*z. What is the remainder when 3346 is divided by z?
122
Let f(d) = 12*d**3 - 7*d**2 + 16*d - 3. What is the remainder when f(4) is divided by 60?
57
Let m(x) = x**3 + 13*x**2 + 13*x + 9. Let b be m(-12). Let c(l) = l**3 + 4*l**2 - 3*l - 5. What is the remainder when (6/9)/((-2)/(-150)) is divided by c(b)?
11
Suppose v - 2 = 2*j, v + j + 6 = 4*v. Suppose -5*w + 81 = i, -68 = -i + v*w + 27. Calculate the remainder when i is divided by 21.
7
Suppose -18348 = -227*q + 5941. What is the remainder when 784 is divided by q?
35
Suppose x = 2*x + 3. Let f(h) = h**2 + 4*h + 8. Let t be f(x). Suppose -5*o + t*n = -110, 2*o - n - 56 = -o. Calculate the remainder when 80 is divided by o.
12
Suppose 5*v = 15, 13*m + 4*v = 17*m + 2808. Let g = m - -708. Calculate the remainder when g is divided by 7.
2
Let o(v) = -276*v - 118. Calculate the remainder when o(-1) is divided by 43.
29
Let c = 56 - -44. What is the remainder when 320 is divided by c?
20
Suppose 53*z - 64*z = 140*z - 5436. What is the remainder when 4065 is divided by z?
33
Let d be (-1 - 0)/((-6)/18). Suppose d*v + 205 = 8*v. Let c = 3546 + -3539. Calculate the remainder when v is divided by c.
6
Let c be (-1)/(2 + (-35)/17). Let n(f) = f**2 - 12*f - 68. What is the remainder when 48 is divided by n(c)?
14
Suppose 10*f - 4*j - 88 = 6*f, 2*j - 36 = -2*f. Calculate the remainder when 2017 is divided by f.
17
Suppose -16*o - 21 = -23*o. Let p(g) = 64*g + 16. Let w be p(o). Suppose -3*u + w = -38. Calculate the remainder when u is divided by 17.
14
Let w be (-1200)/180*(-1 + 52). Let q = 360 + w. What is the remainder when 437 is divided by q?
17
Let o be 6 + (-9)/2 + 23/2. Suppose -7*k + o + 15 = 0. Suppose -k*i + 7*i = -5*v + 112, 5*i + 20 = 2*v. What is the remainder when 70 is divided by v?
10
Calculate the remainder when 17 + -1 - (-41 - (14 + -46)) is divided by -2*(-2 + 1)*8.
9
Let l = 640 - 635. Suppose 6*b - 2*v = 4*b + 4, b = -2*v - 4. Let f = b - -27. What is the remainder when f is divided by l?
2
Suppose -15 - 15 = -3*i. Suppose 214 = 13*j - 111. What is the remainder when j is divided by i?
5
Suppose -105 = -x + p, -2*x - 2*p - 64 + 262 = 0. What is the remainder when 11625 is divided by x?
99
Let g = -4025 + 4209. Calculate the remainder when g is divided by 147.
37
Let o = -1276 - -2516. Calculate the remainder when o is divided by 398.
46
Let j = 24497 - 24484. What is the remainder when 9045 is divided by j?
10
Suppose 4*i - 390 = 5*y, 2*i - 328 = 3*y - 94. What is the remainder when 36/(-4) + 5 - y is divided by 15?
14
Let u = 168840 + -168820. Let w(p) = -p**2 + 2*p. Let c be w(2). Suppose 5*h - 3*m = 410, -5*h + 4*m = -c*m - 415. What is the remainder when h is divided by u?
19
Suppose -5*a + 3*r = -344 + 41, 5*a + 5*r - 255 = 0. What is the remainder when 2161 is divided by a?
52
Let p(l) = -9*l - 6. Let f be p(-4). Suppose -4*r + 90 = f. Suppose -4975*j = -4972*j + o - 229, -50 = -5*o. What is the remainder when j is divided by r?
13
Let v = -653 - -1123. Calculate the remainder when v is divided by 79.
75
Let l(s) = s**2 + 15*s - 69. Let b be l(-19). Suppose -95 = -b*u + 3*u + t, 4*u + 2*t = 110. Calculate the remainder when 47 is divided by u.
22
Suppose -17*s = 4*u - 156, 34*u - s = 39*u - 195. Calculate the remainder when u is divided by 3.
0
Let m(h) = 25*h - 203. Calculate the remainder when 523 is divided by m(9).
17
Let l(a) = 3*a**2 - a - 4. Let q = -105 + 21. Let j be (56/q)/(4/(-30)). Calculate the remainder when l(j) is divided by 10.
6
Suppose -5*h = 4*y - 81, 2*y - 8 = -h + 13. Suppose 3*n - 464 = 4*c, 0 = 2*n - 5*c - 313 + h. What is the remainder when n is divided by 2/5 - 226/(-10)?
22
Let k be 0 + 5 - (-3 + 6)/3. Suppose 0 = 4*f - 8, -k*t + 1218 = -f - 0*f. What is the remainder when t is divided by 18?
17
Suppose -15*x - 364 = -2*b - 13*x, -3*x = b - 162. Let u = 286 - b. Suppose -2*n + 14 = -14. What is the remainder when u is divided by n?
11
Let u(i) = -7*i**3 - 43*i**2 - 14*i - 18. Calculate the remainder when u(-6) is divided by 8.
6
Suppose 2*u - 15 = -17, -1487 = -2*o - 3*u. Suppose 1217 = 3*y - 2*j, 0 = 3*y - 5*j - 1956 + o. Calculate the remainder when y is divided by 59.
53
Suppose -90 = -4*t - 18. Let c = 1865 + -1854. Calculate the remainder when t is divided by c.
7
Let i(g) = -6*g. Let a be i(-5). Suppose -5*v = -2*v + 6, a = u - 3*v. Suppose 7*j = 13*j - u. Calculate the remainder when 23 is divided by j.
3
Let h be ((-9)/(-36))/(1/12). Let q = -243 - -430. Suppose -2*u + q = -5*i, 3*u - 146 - 157 = h*i. What is the remainder when u is divided by 12?
10
Let s(g) = 9*g + 111. Let n be s(-13). Calculate the remainder when 124 is divided by (-2)/n - ((-882)/27 + 11).
14
Suppose -c + 4*c = 0, -5*i = -c - 1710. Suppose 9*f + 0*f = i. What is the remainder when 379 is divided by f?
37
Let w be -224 + (0 - 0) - (75 - 71). Let c = 68 - w. What is the remainder when c is divided by 50?
46
Let x = 16683 + -16584. What is the remainder when 786 is divided by x?
93
Suppose -5*o + 46 = 11. Let s(f) = 4*f**2 - 20*f - 20. What is the remainder when 51 is divided by s(o)?
15
Calculate the remainder when (478/4 - (-55)/22)*16 is divided by 247.
223
Suppose -3*d + 63 = -0*d. Suppose 22*j = d*j. Let t = j + 8. Calculate the remainder when 36 is divided by t.
4
Let s be 448 + (0/(4/4))/1. Suppose -29*u + s + 596 = 0. What is the remainder when u is divided by 12?
0
Let n = -10891 - -10921. What is the remainder when 5865 is divided by n?
15
Suppose 50*f = 64*f - 126. Suppose 19 = -f*d + 199. Calculate the remainder when 74 is divided by d.
14
Suppose -24 = 51*b - 53*b. Let r be (b/(-78) - 33/39)*0. Suppose 5*g + 6 = -3*v - r, 0 = 4*v + 5*g + 3. What is the remainder when 23 is divided by v?
2
Suppose -10*u + 15*u + 45 = 0, -4*u + 116 = 4*y. Let a(s) = 24*s + 5. Calculate the remainder when a(6) is divided by y.
35
Let l(c) = c. Let w be l(0). Suppose -k - 2*k + 114 = w. Suppose 29*u - 459 + 53 = 0. Calculate the remainder when k is divided by u.
10
Suppose t - 55 = -4*g, -10 = -5*t + 2*g + 265. What is the remainder when 185 is divided by t?
20
Calculate the remainder when -32*(-7)/14 + (15 - 11) is divided by 6.
2
Suppose 3*r - 4*w + 9*w = -8, -36 = -4*r + 5*w. Suppose 3*s = -r*v + 15, 3 - 15 = 4*s. Suppose 9*z - 366 = v*z. Calculate the remainder when z is divided by 31.
29
Let i = 37 - 14. Let y = 50 + -47. Suppose -3*c + 123 = y*h, -5*c + h = 4*h - 213. What is the remainder when c is divided by i?
22
Let o be 61208/12 + 5*(-10)/75. Suppose 36*r - 1668 = o